{"id":42014,"date":"2018-08-16T14:23:19","date_gmt":"2018-08-16T14:23:19","guid":{"rendered":"https:\/\/rentals.granadaproperties.com\/busqueda-por-radio-y-medio-mapa\/"},"modified":"2025-03-18T11:59:38","modified_gmt":"2025-03-18T11:59:38","slug":"busqueda-por-radio-y-medio-mapa","status":"publish","type":"page","link":"https:\/\/rentals.granadaproperties.com\/es\/busqueda-por-radio-y-medio-mapa\/","title":{"rendered":"B\u00fasqueda por radio y medio mapa"},"content":{"rendered":"<div class=\"wpb-content-wrapper\"><p>[vc_row css=\u00bb.vc_custom_1534429682443{padding-right: 0px !important;padding-left: 0px !important;}\u00bb][vc_column css=\u00bb.vc_custom_1534429688402{padding-right: 0px !important;padding-left: 0px !important;}\u00bb][vc_column_text]Activa la b\u00fasqueda Radius desde las opciones del tema. Esta opci\u00f3n permite a los usuarios buscar una ubicaci\u00f3n en el mapa. Una vez seleccionada la ubicaci\u00f3n, el mapa cambia y muestra todos los anuncios en un radio espec\u00edfico desde esa ubicaci\u00f3n (si existen anuncios).  <\/p>\n<p>Los valores del radio se pueden establecer desde las opciones del tema: radio inicial, radio m\u00ednimo y radio m\u00e1ximo. En esta demo, la b\u00fasqueda por radio est\u00e1 activada y se muestra en la media b\u00fasqueda de la lista de propiedades y en la media b\u00fasqueda en el mapa de los resultados de la b\u00fasqueda avanzada. El administrador puede desactivarla.[\/vc_column_text][\/vc_column][\/vc_row]<\/p>\n<\/div>","protected":false},"excerpt":{"rendered":"<p>[vc_row css=\u00bb.vc_custom_1534429682443{padding-right: 0px !important;padding-left: 0px !important;}\u00bb][vc_column css=\u00bb.vc_custom_1534429688402{padding-right: 0px !important;padding-left: 0px !important;}\u00bb][vc_column_text]Activa la b\u00fasqueda Radius desde las opciones del tema. Esta opci\u00f3n permite a los usuarios buscar una ubicaci\u00f3n en el mapa. Una vez seleccionada la ubicaci\u00f3n, el mapa cambia y muestra todos los anuncios en un radio espec\u00edfico desde esa ubicaci\u00f3n (si existen anuncios). Los &#8230;<\/p>\n","protected":false},"author":1,"featured_media":0,"parent":0,"menu_order":0,"comment_status":"closed","ping_status":"closed","template":"property_list_half.php","meta":{"inline_featured_image":false,"footnotes":""},"class_list":["post-42014","page","type-page","status-publish","hentry"],"_links":{"self":[{"href":"https:\/\/rentals.granadaproperties.com\/es\/wp-json\/wp\/v2\/pages\/42014","targetHints":{"allow":["GET"]}}],"collection":[{"href":"https:\/\/rentals.granadaproperties.com\/es\/wp-json\/wp\/v2\/pages"}],"about":[{"href":"https:\/\/rentals.granadaproperties.com\/es\/wp-json\/wp\/v2\/types\/page"}],"author":[{"embeddable":true,"href":"https:\/\/rentals.granadaproperties.com\/es\/wp-json\/wp\/v2\/users\/1"}],"replies":[{"embeddable":true,"href":"https:\/\/rentals.granadaproperties.com\/es\/wp-json\/wp\/v2\/comments?post=42014"}],"version-history":[{"count":2,"href":"https:\/\/rentals.granadaproperties.com\/es\/wp-json\/wp\/v2\/pages\/42014\/revisions"}],"predecessor-version":[{"id":42016,"href":"https:\/\/rentals.granadaproperties.com\/es\/wp-json\/wp\/v2\/pages\/42014\/revisions\/42016"}],"wp:attachment":[{"href":"https:\/\/rentals.granadaproperties.com\/es\/wp-json\/wp\/v2\/media?parent=42014"}],"curies":[{"name":"wp","href":"https:\/\/api.w.org\/{rel}","templated":true}]}}

Búsqueda por radio y medio mapa

<div class="wpb-content-wrapper"><p>[vc_row css=».vc_custom_1534429682443{padding-right: 0px !important;padding-left: 0px !important;}»][vc_column css=».vc_custom_1534429688402{padding-right: 0px !important;padding-left: 0px !important;}»][vc_column_text]Activa la búsqueda Radius desde las opciones del tema. Esta opción permite a los usuarios buscar una ubicación en el mapa. Una vez seleccionada la ubicación, el mapa cambia y muestra todos los anuncios en un radio específico desde esa ubicación (si existen anuncios).  </p>
<p>Los valores del radio se pueden establecer desde las opciones del tema: radio inicial, radio mínimo y radio máximo. En esta demo, la búsqueda por radio está activada y se muestra en la media búsqueda de la lista de propiedades y en la media búsqueda en el mapa de los resultados de la búsqueda avanzada. El administrador puede desactivarla.[/vc_column_text][/vc_column][/vc_row]</p>
</div>

<p>[vc_row css=».vc_custom_1534429682443{padding-right: 0px !important;padding-left: 0px !important;}»][vc_column css=».vc_custom_1534429688402{padding-right: 0px !important;padding-left: 0px !important;}»][vc_column_text]Activa la búsqueda Radius desde las opciones del tema. Esta opción permite a los usuarios buscar una ubicación en el mapa. Una vez seleccionada la ubicación, el mapa cambia y muestra todos los anuncios en un radio específico desde esa ubicación (si existen anuncios). Los &#8230;</p>
